3132000 and 80.
80
Calculate the highest common factor of 338739 and 69.
3
Calculate the highest common divisor of 9086721 and 3213.
357
Calculate the greatest common factor of 266 and 3532556.
38
What is the greatest common factor of 3732896 and 426?
142
What is the greatest common divisor of 1428 and 14224?
28
Calculate the highest common divisor of 4410 and 5368146.
294
Calculate the highest common divisor of 46710741 and 1540.
77
Calculate the greatest common factor of 198 and 608046.
6
Calculate the highest common divisor of 328252 and 357296.
548
Calculate the greatest common divisor of 104 and 10419448.
104
Calculate the greatest common divisor of 12757510 and 50.
10
What is the greatest common divisor of 31 and 1167742286?
31
Calculate the greatest common divisor of 150 and 1522770.
30
What is the highest common divisor of 92 and 333331226?
46
Calculate the greatest common divisor of 231684030 and 2050.
410
What is the greatest common factor of 155 and 106341160?
155
Calculate the greatest common divisor of 64397 and 216773.
907
Calculate the greatest common factor of 8140950 and 4365.
45
What is the highest common divisor of 3601 and 56732?
13
What is the greatest common factor of 160 and 328288?
32
What is the highest common divisor of 160 and 108935920?
80
What is the greatest common divisor of 772 and 1547281?
193
Calculate the highest common factor of 823901 and 481.
13
Calculate the highest common factor of 3152 and 2557651.
197
What is the greatest common factor of 11184113 and 212?
53
What is the highest common divisor of 119 and 535341373?
119
What is the greatest common factor of 86 and 67403059?
43
What is the highest common factor of 18 and 463509?
9
What is the greatest common divisor of 766 and 42237623?
383
Calculate the highest common divisor of 187 and 39205655.
17
Calculate the highest common factor of 4349560 and 280.
40
Calculate the highest common factor of 3996 and 131112.
108
What is the greatest common divisor of 1592 and 8008556?
796
Calculate the highest common factor of 38115 and 24815.
35
Calculate the greatest common factor of 640 and 2913580.
20
What is the greatest common factor of 14351952 and 10608?
48
Calculate the greatest common factor of 2376 and 725513976.
2376
What is the highest common factor of 242330 and 2310?
110
Calculate the greatest common divisor of 3546 and 1293588.
18
Calculate the highest common divisor of 3051125 and 222250.
875
What is the highest common divisor of 7864232 and 843013?
2917
Calculate the highest common factor of 170 and 1993927620.
170
Calculate the highest common divisor of 5641272 and 728.
728
Calculate the highest common factor of 243 and 565395.
3
What is the greatest common factor of 336843468 and 54?
54
What is the highest common divisor of 14630 and 2252635?
385
Calculate the highest common factor of 443807 and 2925.
13
What is the highest common divisor of 111940 and 827660?
580
Calculate the greatest common divisor of 24694 and 61.
1
What is the greatest common divisor of 9575 and 474154?
383
Calculate the highest common factor of 1015 and 63066445.
145
What is the greatest common divisor of 2295 and 259768755?
2295
Calculate the greatest common factor of 7896366 and 158.
158
Calculate the highest common factor of 1088 and 1252254.
34
What is the highest common divisor of 814 and 14045306?
22
What is the highest common factor of 43659 and 146129907?
1617
Calculate the greatest common factor of 36062 and 151658.
494
Calculate the greatest common divisor of 10899350 and 10.
10
What is the greatest common factor of 7298 and 1034981?
89
What is the greatest common factor of 1892138 and 158480?
566
What is the greatest common factor of 1772 and 117675862?
886
What is the greatest common factor of 19568220 and 840?
420
Calculate the highest common divisor of 217598868 and 3420.
684
What is the highest common factor of 296175 and 243925?
275
Calculate the highest common factor of 360 and 241919640.
360
Calculate the highest common divisor of 171 and 46345617.
171
Calculate the greatest common factor of 59241304 and 8.
8
What is the greatest common factor of 3890 and 7360?
10
Calculate the highest common divisor of 301441 and 2555.
7
What is the greatest common factor of 21 and 11352873?
21
What is the highest common divisor of 86 and 316728798?
86
What is the greatest common factor of 76769 and 1074227?
77
Calculate the highest common divisor of 4543602 and 6275.
251
Calculate the greatest common divisor of 16838829 and 84.
21
Calculate the greatest common divisor of 22786 and 14.
2
What is the highest common divisor of 2516 and 33882428?
68
Calculate the highest common factor of 66356 and 3976978.
626
Calculate the greatest common factor of 2072 and 36610.
14
What is the highest common factor of 1240 and 10778204?
124
What is the greatest common factor of 184 and 47310632?
184
What is the highest common divisor of 26806 and 768095?
1031
What is the greatest common factor of 62 and 13889519?
31
What is the greatest common divisor of 2990909 and 7?
1
What is the greatest common factor of 55072 and 392?
8
What is the highest common divisor of 3444215 and 8992575?
11755
Calculate the highest common factor of 2550070 and 50.
10
Calculate the greatest common factor of 75678 and 12858.
6
What is the greatest common factor of 330389289 and 6?
3
What is the highest common divisor of 16854 and 3258?
6
Calculate the greatest common factor of 887250 and 1007370.
2730
What is the greatest common divisor of 1136124 and 15462?
18
Calculate the highest common divisor of 70620466 and 98.
98
Calculate the greatest common divisor of 273000770 and 1046.
1046
Calculate the highest common factor of 1450 and 3469705.
145
What is the highest common divisor of 14817528 and 1620?
36
What is the highest common factor of 122 and 480853057?
61
Calculate the greatest common divisor of 1547 and 1509209.
221
Calculate the highest common divisor of 407 and 229356821.
37
Calculate the greatest common factor of 74624 and 167684792.
4664
What is the greatest common divisor of 44058504 and 84?
84
What is the greatest common divisor of 2358300 and 19740?
420
Calculate the highest common divisor of 1607000 and 107669.
1607
What is the highest common factor of 29226 and 199866?
6
Calculate the greatest common divisor of 32 and 2054124.
4
What is the greatest common divisor of 21371974 and 26?
26
What is the highest common factor of 72 and 10344612?
12
What is the highest common divisor of 5738 and 2212974460?
5738
Calculate the greatest common factor of 11182376 and 11112.
3704
Calculate the highest common factor of 3621 and 20771121.
213
What is the highest common divisor of 751196060 and 334?
334
Calculate the highest common factor of 106684 and 2771996.
596
Calculate the greatest common divisor of 43188 and 611220.
732
Calculate the greatest common divisor of 29937505 and 9295.
845
Calculate the greatest common divisor of 1898 and 25385022.
26
Calculate the highest common factor of 20918802 and 2436.
174
What is the greatest common factor of 6689753 and 453?
151
Calculate the greatest common factor of 156 and 5298904.
52
Calculate the highest common factor of 4720 and 8603380.
1180
What is the greatest common divisor of 6220 and 99306965?
1555
Calculate the highest common divisor of 23711783 and 518.
37
Calculate the greatest common divisor of 2 and 99721003.
1
What is the greatest common divisor of 48 and 43297656?
24
Calculate the highest common divisor of 23 and 2164553.
23
What is the highest common factor of 71626384 and 542?
542
Calculate the highest common factor of 696 and 53361740.
116
Calculate the highest common divisor of 5283298 and 28.
2
What is the highest common divisor of 345127 and 91729?
269
What is the greatest common factor of 83430713 and 375173?
12937
Calculate the greatest common factor of 11692884 and 420.
84
What is the greatest common factor of 41 and 221674372?
41
What is the greatest common divisor of 342 and 1538126?
38
What is the highest common factor of 566780660 and 20?
20
Calculate the highest common divisor of 217571826 and 186.
186
What is the greatest common divisor of 242763131 and 83?
83
Calculate the highest common divisor of 800730053 and 1843.
1843
What i